-- https://www.phpmyadmin.net/
--
-- Tempo de geração: 12/06/2026 às 21:41
-- Versão do servidor: 10.4.32-MariaDB
-- Versão do PHP: 8.2.12

START TRANSACTION;



--
-- Banco de dados: `trabalhofinalbruno`
--
CREATE DATABASE trabalhofinalbruno;
USE trabalhofinalbruno;

DELIMITER $$
--
-- Procedimentos
--
CREATE DEFINER=`root`@`localhost` PROCEDURE `validaColetorBruno` (IN `p_idcoletor` INT)   BEGIN
    DECLARE v_ativo BOOL;
    DECLARE v_contador INT;
    DECLARE v_limite INT;

    SELECT ativo, contador, limite
    INTO v_ativo, v_contador, v_limite
    FROM coletorbruno
    WHERE idcoletorbruno = p_idcoletor;

    IF v_ativo = 0 THEN
        SIGNAL SQLSTATE '45000'
        SET MESSAGE_TEXT = 'Coletor inativo';
    END IF;

    IF v_contador >= v_limite THEN
        SIGNAL SQLSTATE '45000'
        SET MESSAGE_TEXT = 'Coletor atingiu limite';
    END IF;
END$$

CREATE DEFINER=`root`@`localhost` PROCEDURE `validaMacBruno` (IN `p_idmac` VARCHAR(17))   BEGIN
    DECLARE v_ativo BOOL;
    DECLARE v_contador INT;
    DECLARE v_limite INT;

    SELECT ativo, contador, limite
    INTO v_ativo, v_contador, v_limite
    FROM macbruno
    WHERE idmacbruno = p_idmac;

    IF v_ativo = 0 THEN
        SIGNAL SQLSTATE '45000'
        SET MESSAGE_TEXT = 'MAC inativo';
    END IF;

    IF v_contador >= v_limite THEN
        SIGNAL SQLSTATE '45000'
        SET MESSAGE_TEXT = 'MAC atingiu limite';
    END IF;
END$$

CREATE DEFINER=`root`@`localhost` PROCEDURE `validaSensorBruno` (IN `p_idsensor` INT)   BEGIN
    DECLARE v_ativo BOOL;
    DECLARE v_contador INT;
    DECLARE v_limite INT;

    SELECT ativo, contador, limite
    INTO v_ativo, v_contador, v_limite
    FROM sensorbruno
    WHERE idsensorbruno = p_idsensor;

    IF v_ativo = 0 THEN
        SIGNAL SQLSTATE '45000'
        SET MESSAGE_TEXT = 'Sensor inativo';
    END IF;

    IF v_contador >= v_limite THEN
        SIGNAL SQLSTATE '45000'
        SET MESSAGE_TEXT = 'Sensor atingiu limite';
    END IF;
END$$

DELIMITER ;

-- --------------------------------------------------------

--
-- Estrutura para tabela `coletorbruno`
--

CREATE TABLE `coletorbruno` (
  `idcoletorbruno` int(10) UNSIGNED NOT NULL,
  `nome` varchar(45) DEFAULT NULL,
  `contador` int(10) UNSIGNED DEFAULT 0,
  `ativo` tinyint(1) DEFAULT 1,
  `limite` int(10) UNSIGNED DEFAULT 100
) ENGINE=InnoDB DEFAULT CHARSET=utf8mb4 COLLATE=utf8mb4_general_ci;

--
-- Despejando dados para a tabela `coletorbruno`
--

INSERT INTO `coletorbruno` (`idcoletorbruno`, `nome`, `contador`, `ativo`, `limite`) VALUES
(2, 'coletorum', 1, 1, 100),
(3, 'colegorgoogle', 3, 1, 100);

-- --------------------------------------------------------

--
-- Estrutura para tabela `leiturabruno`
--

CREATE TABLE `leiturabruno` (
  `idleiturabruno` int(10) UNSIGNED NOT NULL,
  `sensorbruno_idsensorbruno` int(10) UNSIGNED NOT NULL,
  `macbruno_idmacbruno` varchar(17) NOT NULL,
  `coletorbruno_idcoletorbruno` int(10) UNSIGNED NOT NULL,
  `dataleitura` date DEFAULT NULL,
  `horaleitura` time DEFAULT NULL,
  `valor` int(10) UNSIGNED DEFAULT NULL
) ENGINE=InnoDB DEFAULT CHARSET=utf8mb4 COLLATE=utf8mb4_general_ci;

--
-- Despejando dados para a tabela `leiturabruno`
--

INSERT INTO `leiturabruno` (`idleiturabruno`, `sensorbruno_idsensorbruno`, `macbruno_idmacbruno`, `coletorbruno_idcoletorbruno`, `dataleitura`, `horaleitura`, `valor`) VALUES
(3, 2, '00:11:22:33:44:55', 2, '2026-06-12', '16:07:05', NULL),
(4, 3, 'AA:BB:CC:DD:EE:FF', 3, '2026-06-12', '16:28:00', 2),
(5, 3, 'AA:BB:CC:DD:EE:FF', 3, '2026-06-12', '16:31:00', 3),
(6, 3, 'AA:BB:CC:DD:EE:FF', 3, '2026-06-12', '16:40:00', 12);

--
-- Acionadores `leiturabruno`
--
DELIMITER $$
CREATE TRIGGER `trg_incrementa_contadores_bruno` AFTER INSERT ON `leiturabruno` FOR EACH ROW BEGIN
    UPDATE macbruno
    SET contador = contador + 1
    WHERE idmacbruno = NEW.macbruno_idmacbruno;

    UPDATE sensorbruno
    SET contador = contador + 1
    WHERE idsensorbruno = NEW.sensorbruno_idsensorbruno;

    UPDATE coletorbruno
    SET contador = contador + 1
    WHERE idcoletorbruno = NEW.coletorbruno_idcoletorbruno;
END
$$
DELIMITER ;
DELIMITER $$
CREATE TRIGGER `trg_valida_leitura_bruno` BEFORE INSERT ON `leiturabruno` FOR EACH ROW BEGIN
    CALL validaMacBruno(NEW.macbruno_idmacbruno);
    CALL validaSensorBruno(NEW.sensorbruno_idsensorbruno);
    CALL validaColetorBruno(NEW.coletorbruno_idcoletorbruno);
END
$$
DELIMITER ;

-- --------------------------------------------------------

--
-- Estrutura para tabela `macbruno`
--

CREATE TABLE `macbruno` (
  `idmacbruno` varchar(17) NOT NULL,
  `nome` varchar(45) DEFAULT NULL,
  `contador` int(10) UNSIGNED DEFAULT 0,
  `ativo` tinyint(1) DEFAULT 1,
  `limite` int(10) UNSIGNED DEFAULT 100
) ENGINE=InnoDB DEFAULT CHARSET=utf8mb4 COLLATE=utf8mb4_general_ci;

--
-- Despejando dados para a tabela `macbruno`
--

INSERT INTO `macbruno` (`idmacbruno`, `nome`, `contador`, `ativo`, `limite`) VALUES
('00:11:22:33:44:55', 'macum', 1, 1, 100),
('AA:BB:CC:DD:EE:FF', 'macgoogle', 3, 1, 100);

-- --------------------------------------------------------

--
-- Estrutura para tabela `sensorbruno`
--

CREATE TABLE `sensorbruno` (
  `idsensorbruno` int(10) UNSIGNED NOT NULL,
  `nome` varchar(45) DEFAULT NULL,
  `ativo` tinyint(1) DEFAULT 1,
  `limite` int(10) UNSIGNED DEFAULT 100,
  `contador` int(10) UNSIGNED DEFAULT 0,
  `unidade` varchar(10) DEFAULT NULL,
  `sigla` varchar(3) DEFAULT NULL
) ENGINE=InnoDB DEFAULT CHARSET=utf8mb4 COLLATE=utf8mb4_general_ci;

--
-- Despejando dados para a tabela `sensorbruno`
--

INSERT INTO `sensorbruno` (`idsensorbruno`, `nome`, `ativo`, `limite`, `contador`, `unidade`, `sigla`) VALUES
(2, 'sensorum', 1, 100, 1, 'm', 'm'),
(3, 'sensorgoogle', 1, 100, 3, 'C', 'C');

--
-- Índices para tabelas despejadas
--

--
-- Índices de tabela `coletorbruno`
--
ALTER TABLE `coletorbruno`
  ADD PRIMARY KEY (`idcoletorbruno`);

--
-- Índices de tabela `leiturabruno`
--
ALTER TABLE `leiturabruno`
  ADD PRIMARY KEY (`idleiturabruno`),
  ADD KEY `leitura_FKIndex1` (`macbruno_idmacbruno`),
  ADD KEY `leitura_FKIndex2` (`sensorbruno_idsensorbruno`),
  ADD KEY `leitura_FKIndex3` (`coletorbruno_idcoletorbruno`);

--
-- Índices de tabela `macbruno`
--
ALTER TABLE `macbruno`
  ADD PRIMARY KEY (`idmacbruno`);

--
-- Índices de tabela `sensorbruno`
--
ALTER TABLE `sensorbruno`
  ADD PRIMARY KEY (`idsensorbruno`);

--
-- AUTO_INCREMENT para tabelas despejadas
--

--
-- AUTO_INCREMENT de tabela `coletorbruno`
--
ALTER TABLE `coletorbruno`
  MODIFY `idcoletorbruno` int(10) UNSIGNED NOT NULL AUTO_INCREMENT, AUTO_INCREMENT=4;

--
-- AUTO_INCREMENT de tabela `leiturabruno`
--
ALTER TABLE `leiturabruno`
  MODIFY `idleiturabruno` int(10) UNSIGNED NOT NULL AUTO_INCREMENT, AUTO_INCREMENT=7;

--
-- AUTO_INCREMENT de tabela `sensorbruno`
--
ALTER TABLE `sensorbruno`
  MODIFY `idsensorbruno` int(10) UNSIGNED NOT NULL AUTO_INCREMENT, AUTO_INCREMENT=4;

--
-- Restrições para tabelas despejadas
--

--
-- Restrições para tabelas `leiturabruno`
--
ALTER TABLE `leiturabruno`
  ADD CONSTRAINT `leiturabruno_ibfk_1` FOREIGN KEY (`macbruno_idmacbruno`) REFERENCES `macbruno` (`idmacbruno`) ON DELETE NO ACTION ON UPDATE NO ACTION,
  ADD CONSTRAINT `leiturabruno_ibfk_2` FOREIGN KEY (`sensorbruno_idsensorbruno`) REFERENCES `sensorbruno` (`idsensorbruno`) ON DELETE NO ACTION ON UPDATE NO ACTION,
  ADD CONSTRAINT `leiturabruno_ibfk_3` FOREIGN KEY (`coletorbruno_idcoletorbruno`) REFERENCES `coletorbruno` (`idcoletorbruno`) ON DELETE NO ACTION ON UPDATE NO ACTION;
COMMIT;

