-- https://www.phpmyadmin.net/
--
-- Tempo de geração: 12/06/2026 às 21:41
-- Versão do servidor: 10.4.32-MariaDB
-- Versão do PHP: 8.2.12

START TRANSACTION;



--
-- Banco de dados: `trabalhofinalash`
--
CREATE DATABASE trabalhofinalash;
USE trabalhofinalash;

DELIMITER $$
--
-- Procedimentos
--
CREATE DEFINER=`root`@`localhost` PROCEDURE `validaColetorash` (IN `p_idcoletor` INT)   BEGIN
    DECLARE v_ativo BOOL;
    DECLARE v_contador INT;
    DECLARE v_limite INT;

    SELECT ativo, contador, limite
    INTO v_ativo, v_contador, v_limite
    FROM coletorash
  
    WHERE idcoletorash
   = p_idcoletor;

    IF v_ativo = 0 THEN
        SIGNAL SQLSTATE '45000'
        SET MESSAGE_TEXT = 'Coletor inativo';
    END IF;

    IF v_contador >= v_limite THEN
        SIGNAL SQLSTATE '45000'
        SET MESSAGE_TEXT = 'Coletor atingiu limite';
    END IF;
END$$

CREATE DEFINER=`root`@`localhost` PROCEDURE `validaMacash` (IN `p_idmac` VARCHAR(17))   BEGIN
    DECLARE v_ativo BOOL;
    DECLARE v_contador INT;
    DECLARE v_limite INT;

    SELECT ativo, contador, limite
    INTO v_ativo, v_contador, v_limite
    FROM macash
  
    WHERE idmacash
   = p_idmac;

    IF v_ativo = 0 THEN
        SIGNAL SQLSTATE '45000'
        SET MESSAGE_TEXT = 'MAC inativo';
    END IF;

    IF v_contador >= v_limite THEN
        SIGNAL SQLSTATE '45000'
        SET MESSAGE_TEXT = 'MAC atingiu limite';
    END IF;
END$$

CREATE DEFINER=`root`@`localhost` PROCEDURE `validaSensorash` (IN `p_idsensor` INT)   BEGIN
    DECLARE v_ativo BOOL;
    DECLARE v_contador INT;
    DECLARE v_limite INT;

    SELECT ativo, contador, limite
    INTO v_ativo, v_contador, v_limite
    FROM sensorash
  
    WHERE idsensorash
   = p_idsensor;

    IF v_ativo = 0 THEN
        SIGNAL SQLSTATE '45000'
        SET MESSAGE_TEXT = 'Sensor inativo';
    END IF;

    IF v_contador >= v_limite THEN
        SIGNAL SQLSTATE '45000'
        SET MESSAGE_TEXT = 'Sensor atingiu limite';
    END IF;
END$$

DELIMITER ;

-- --------------------------------------------------------

--
-- Estrutura para tabela `coletorash`
--

CREATE TABLE `coletorash` (
  `idcoletorash
` int(10) UNSIGNED NOT NULL,
  `nome` varchar(45) DEFAULT NULL,
  `contador` int(10) UNSIGNED DEFAULT 0,
  `ativo` tinyint(1) DEFAULT 1,
  `limite` int(10) UNSIGNED DEFAULT 100
) ENGINE=InnoDB DEFAULT CHARSET=utf8mb4 COLLATE=utf8mb4_general_ci;

--
-- Despejando dados para a tabela `coletorash`
--

INSERT INTO `coletorash` (`idcoletorash`, `nome`, `contador`, `ativo`, `limite`) VALUES
(2, 'coletorum', 1, 1, 100),
(3, 'colegorgoogle', 3, 1, 100);

-- --------------------------------------------------------

--
-- Estrutura para tabela `leituraash`
--

CREATE TABLE `leituraash` (
  `idleituraash
` int(10) UNSIGNED NOT NULL,
  `sensorash
_idsensorash
` int(10) UNSIGNED NOT NULL,
  `macash
_idmacash
` varchar(17) NOT NULL,
  `coletorash
_idcoletorash
` int(10) UNSIGNED NOT NULL,
  `dataleitura` date DEFAULT NULL,
  `horaleitura` time DEFAULT NULL,
  `valor` int(10) UNSIGNED DEFAULT NULL
) ENGINE=InnoDB DEFAULT CHARSET=utf8mb4 COLLATE=utf8mb4_general_ci;

--
-- Despejando dados para a tabela `leituraash`
--

INSERT INTO `leituraash` (`idleituraash`, `sensorash_idsensorash`, `macash_idmacash`, `coletorash_idcoletorash`, `dataleitura`, `horaleitura`, `valor`) VALUES
(3, 2, '00:11:22:33:44:55', 2, '2026-06-12', '16:07:05', NULL),
(4, 3, 'AA:BB:CC:DD:EE:FF', 3, '2026-06-12', '16:28:00', 2),
(5, 3, 'AA:BB:CC:DD:EE:FF', 3, '2026-06-12', '16:31:00', 3),
(6, 3, 'AA:BB:CC:DD:EE:FF', 3, '2026-06-12', '16:40:00', 12);

--
-- Acionadores `leituraash`
--
DELIMITER $$
CREATE TRIGGER `trg_incrementa_contadores_ash` AFTER INSERT ON `leituraash` FOR EACH ROW BEGIN
    UPDATE macash
  
    SET contador = contador + 1
    WHERE idmacash
   = NEW.macash
  _idmacash
  ;

    UPDATE sensorash
  
    SET contador = contador + 1
    WHERE idsensorash
   = NEW.sensorash
  _idsensorash
  ;

    UPDATE coletorash
  
    SET contador = contador + 1
    WHERE idcoletorash
   = NEW.coletorash
  _idcoletorash
  ;
END
$$
DELIMITER ;
DELIMITER $$
CREATE TRIGGER `trg_valida_leitura_ash` BEFORE INSERT ON `leituraash` FOR EACH ROW BEGIN
    CALL validaMacash
  (NEW.macash
  _idmacash
  );
    CALL validaSensorash
  (NEW.sensorash
  _idsensorash
  );
    CALL validaColetorash
  (NEW.coletorash
  _idcoletorash
  );
END
$$
DELIMITER ;

-- --------------------------------------------------------

--
-- Estrutura para tabela `macash`
--

CREATE TABLE `macash` (
  `idmacash
` varchar(17) NOT NULL,
  `nome` varchar(45) DEFAULT NULL,
  `contador` int(10) UNSIGNED DEFAULT 0,
  `ativo` tinyint(1) DEFAULT 1,
  `limite` int(10) UNSIGNED DEFAULT 100
) ENGINE=InnoDB DEFAULT CHARSET=utf8mb4 COLLATE=utf8mb4_general_ci;

--
-- Despejando dados para a tabela `macash`
--

INSERT INTO `macash` (`idmacash`, `nome`, `contador`, `ativo`, `limite`) VALUES
('00:11:22:33:44:55', 'macum', 1, 1, 100),
('AA:BB:CC:DD:EE:FF', 'macgoogle', 3, 1, 100);

-- --------------------------------------------------------

--
-- Estrutura para tabela `sensorash`
--

CREATE TABLE `sensorash` (
  `idsensorash
` int(10) UNSIGNED NOT NULL,
  `nome` varchar(45) DEFAULT NULL,
  `ativo` tinyint(1) DEFAULT 1,
  `limite` int(10) UNSIGNED DEFAULT 100,
  `contador` int(10) UNSIGNED DEFAULT 0,
  `unidade` varchar(10) DEFAULT NULL,
  `sigla` varchar(3) DEFAULT NULL
) ENGINE=InnoDB DEFAULT CHARSET=utf8mb4 COLLATE=utf8mb4_general_ci;

--
-- Despejando dados para a tabela `sensorash`
--

INSERT INTO `sensorash` (`idsensorash`, `nome`, `ativo`, `limite`, `contador`, `unidade`, `sigla`) VALUES
(2, 'sensorum', 1, 100, 1, 'm', 'm'),
(3, 'sensorgoogle', 1, 100, 3, 'C', 'C');

--
-- Índices para tabelas despejadas
--

--
-- Índices de tabela `coletorash`
--
ALTER TABLE `coletorash`
  ADD PRIMARY KEY (`idcoletorash
`);

--
-- Índices de tabela `leituraash`
--
ALTER TABLE `leituraash`
  ADD PRIMARY KEY (`idleituraash
`),
  ADD KEY `leitura_FKIndex1` (`macash
_idmacash
`),
  ADD KEY `leitura_FKIndex2` (`sensorash
_idsensorash
`),
  ADD KEY `leitura_FKIndex3` (`coletorash
_idcoletorash
`);

--
-- Índices de tabela `macash`
--
ALTER TABLE `macash`
  ADD PRIMARY KEY (`idmacash
`);

--
-- Índices de tabela `sensorash`
--
ALTER TABLE `sensorash`
  ADD PRIMARY KEY (`idsensorash
`);

--
-- AUTO_INCREMENT para tabelas despejadas
--

--
-- AUTO_INCREMENT de tabela `coletorash`
--
ALTER TABLE `coletorash`
  MODIFY `idcoletorash
` int(10) UNSIGNED NOT NULL AUTO_INCREMENT, AUTO_INCREMENT=4;

--
-- AUTO_INCREMENT de tabela `leituraash`
--
ALTER TABLE `leituraash`
  MODIFY `idleituraash
` int(10) UNSIGNED NOT NULL AUTO_INCREMENT, AUTO_INCREMENT=7;

--
-- AUTO_INCREMENT de tabela `sensorash`
--
ALTER TABLE `sensorash`
  MODIFY `idsensorash
` int(10) UNSIGNED NOT NULL AUTO_INCREMENT, AUTO_INCREMENT=4;

--
-- Restrições para tabelas despejadas
--

--
-- Restrições para tabelas `leituraash`
--
ALTER TABLE `leituraash`
  ADD CONSTRAINT `leituraash
_ibfk_1` FOREIGN KEY (`macash
_idmacash
`) REFERENCES `macash
` (`idmacash
`) ON DELETE NO ACTION ON UPDATE NO ACTION,
  ADD CONSTRAINT `leituraash
_ibfk_2` FOREIGN KEY (`sensorash
_idsensorash
`) REFERENCES `sensorash
` (`idsensorash
`) ON DELETE NO ACTION ON UPDATE NO ACTION,
  ADD CONSTRAINT `leituraash
_ibfk_3` FOREIGN KEY (`coletorash
_idcoletorash
`) REFERENCES `coletorash
` (`idcoletorash
`) ON DELETE NO ACTION ON UPDATE NO ACTION;
COMMIT;

